{"id":117,"date":"2012-04-16T11:14:27","date_gmt":"2012-04-16T11:14:27","guid":{"rendered":"http:\/\/lararkarriar.se\/gymnasieskola\/?page_id=117"},"modified":"2012-04-16T11:14:27","modified_gmt":"2012-04-16T11:14:27","slug":"om-oss","status":"publish","type":"page","link":"https:\/\/lararkarriar.se\/gymnasieskola\/om-oss\/","title":{"rendered":"Om oss"},"content":{"rendered":"<p>Framtidens Karri\u00e4r \u2013 Gymnasiel\u00e4rare belyser framtidsfr\u00e5gorna f\u00f6r l\u00e4raryrket och skolan samt utvecklingsm\u00f6jligheter f\u00f6r l\u00e4rare. V\u00e5r m\u00e5lgrupp \u00e4r fr\u00e4mst yrkesverksamma gymnasiel\u00e4rare men \u00e4ven sista\u00e5rsstudenter p\u00e5 l\u00e4rarutbildningarna. Framtidens Karri\u00e4r \u2013 Gymnasiel\u00e4rare publiceras b\u00e5de som magasin och som webbtidning p\u00e5 <a href=\"http:\/\/www.lararkarriar.se\/gymnasieskola\">www.lararkarriar.se\/gymnasieskola<\/a>.<\/p>\n<p>Framtidens Karri\u00e4r \u2013 Gymnasiel\u00e4rare, som \u00e4r frist\u00e5ende och oberoende fr\u00e5n arbetsgivare och fackf\u00f6reningar, produceras av NextMedia, som sedan m\u00e5nga \u00e5r \u00e4r specialiserad p\u00e5 bransch- och yrkesinriktade tidningar.<\/p>\n<p>F\u00f6r mer information, kontakta Niklas Engman, \/\/ &lt;![CDATA[<br \/>\nvar username = &#039;niklas.engman&#039;;<br \/>\nvar hostname = &#039;nextmedia.se&#039;;<br \/>\nvar linktext = username + &#039;@&#039; + hostname ;<br \/>\ndocument.write(&#039;<a>&#8217; + linktext + &#8217;<\/a>&#8217;);<br \/>\n\/\/ ]]&gt;<em>Email address protected by JavaScript. Please enable JavaScript to contact me.<\/em><\/p>\n<p><strong>Upphovsr\u00e4tt<\/strong><br \/>\nAllt material p\u00e5 <a title=\"www.lararkarriar.se\/gymnasieskola\" href=\"http:\/\/www.lararkarriar.se\/gymnasieskola\">www.lararkarriar.se\/gymnasieskola<\/a> och i tidningarna Framtidens Karri\u00e4r skyddas av upphovsr\u00e4ttslagen. F\u00f6r att publicera material fr\u00e5n <a title=\"www.lararkarriar.se\/gymnasieskola\" href=\"http:\/\/www.lararkarriar.se\/gymnasieskola\">www.lararkarriar.se\/gymnasieskola<\/a> eller fr\u00e5n Framtidens Karri\u00e4r kr\u00e4vs tillst\u00e5nd fr\u00e5n NextMedia.<\/p>\n<p>Citera oss g\u00e4rna, men ange d\u00e5 k\u00e4llan. L\u00e4nka g\u00e4rna till v\u00e5ra artiklar.<\/p>\n","protected":false},"excerpt":{"rendered":"<p>Framtidens Karri\u00e4r \u2013 Gymnasiel\u00e4rare belyser framtidsfr\u00e5gorna f\u00f6r l\u00e4raryrket och skolan samt utvecklingsm\u00f6jligheter f\u00f6r l\u00e4rare. V\u00e5r&#8230;<\/p>\n","protected":false},"author":3,"featured_media":0,"parent":0,"menu_order":0,"comment_status":"closed","ping_status":"open","template":"","meta":{"_acf_changed":false,"_monsterinsights_skip_tracking":false,"_monsterinsights_sitenote_active":false,"_monsterinsights_sitenote_note":"","_monsterinsights_sitenote_category":0,"footnotes":""},"class_list":["post-117","page","type-page","status-publish","hentry"],"acf":[],"yoast_head":"<!-- This site is optimized with the Yoast SEO plugin v27.3 - https:\/\/yoast.com\/product\/yoast-seo-wordpress\/ -->\n<title>Om oss - Framtidens karri\u00e4r gymnasiel\u00e4rare<\/title>\n<meta name=\"robots\" content=\"index, follow, max-snippet:-1, max-image-preview:large, max-video-preview:-1\" \/>\n<link rel=\"canonical\" href=\"https:\/\/lararkarriar.se\/gymnasieskola\/om-oss\/\" \/>\n<meta property=\"og:locale\" content=\"sv_SE\" \/>\n<meta property=\"og:type\" content=\"article\" \/>\n<meta property=\"og:title\" content=\"Om oss - Framtidens karri\u00e4r gymnasiel\u00e4rare\" \/>\n<meta property=\"og:description\" content=\"Framtidens Karri\u00e4r \u2013 Gymnasiel\u00e4rare belyser framtidsfr\u00e5gorna f\u00f6r l\u00e4raryrket och skolan samt utvecklingsm\u00f6jligheter f\u00f6r l\u00e4rare. V\u00e5r...\" \/>\n<meta property=\"og:url\" content=\"https:\/\/lararkarriar.se\/gymnasieskola\/om-oss\/\" \/>\n<meta property=\"og:site_name\" content=\"Framtidens karri\u00e4r gymnasiel\u00e4rare\" \/>\n<meta name=\"twitter:card\" content=\"summary_large_image\" \/>\n<meta name=\"twitter:label1\" content=\"Ber\u00e4knad l\u00e4stid\" \/>\n\t<meta name=\"twitter:data1\" content=\"1 minut\" \/>\n<script type=\"application\/ld+json\" class=\"yoast-schema-graph\">{\"@context\":\"https:\\\/\\\/schema.org\",\"@graph\":[{\"@type\":\"WebPage\",\"@id\":\"https:\\\/\\\/lararkarriar.se\\\/gymnasieskola\\\/om-oss\\\/\",\"url\":\"https:\\\/\\\/lararkarriar.se\\\/gymnasieskola\\\/om-oss\\\/\",\"name\":\"Om oss - Framtidens karri\u00e4r gymnasiel\u00e4rare\",\"isPartOf\":{\"@id\":\"https:\\\/\\\/lararkarriar.se\\\/gymnasieskola\\\/#website\"},\"datePublished\":\"2012-04-16T11:14:27+00:00\",\"breadcrumb\":{\"@id\":\"https:\\\/\\\/lararkarriar.se\\\/gymnasieskola\\\/om-oss\\\/#breadcrumb\"},\"inLanguage\":\"sv-SE\",\"potentialAction\":[{\"@type\":\"ReadAction\",\"target\":[\"https:\\\/\\\/lararkarriar.se\\\/gymnasieskola\\\/om-oss\\\/\"]}]},{\"@type\":\"BreadcrumbList\",\"@id\":\"https:\\\/\\\/lararkarriar.se\\\/gymnasieskola\\\/om-oss\\\/#breadcrumb\",\"itemListElement\":[{\"@type\":\"ListItem\",\"position\":1,\"name\":\"Home\",\"item\":\"https:\\\/\\\/lararkarriar.se\\\/gymnasieskola\\\/\"},{\"@type\":\"ListItem\",\"position\":2,\"name\":\"Om oss\"}]},{\"@type\":\"WebSite\",\"@id\":\"https:\\\/\\\/lararkarriar.se\\\/gymnasieskola\\\/#website\",\"url\":\"https:\\\/\\\/lararkarriar.se\\\/gymnasieskola\\\/\",\"name\":\"Framtidens karri\u00e4r gymnasiel\u00e4rare\",\"description\":\"Just another NMDashboard.se Sites site\",\"potentialAction\":[{\"@type\":\"SearchAction\",\"target\":{\"@type\":\"EntryPoint\",\"urlTemplate\":\"https:\\\/\\\/lararkarriar.se\\\/gymnasieskola\\\/?s={search_term_string}\"},\"query-input\":{\"@type\":\"PropertyValueSpecification\",\"valueRequired\":true,\"valueName\":\"search_term_string\"}}],\"inLanguage\":\"sv-SE\"}]}<\/script>\n<!-- \/ Yoast SEO plugin. -->","yoast_head_json":{"title":"Om oss - Framtidens karri\u00e4r gymnasiel\u00e4rare","robots":{"index":"index","follow":"follow","max-snippet":"max-snippet:-1","max-image-preview":"max-image-preview:large","max-video-preview":"max-video-preview:-1"},"canonical":"https:\/\/lararkarriar.se\/gymnasieskola\/om-oss\/","og_locale":"sv_SE","og_type":"article","og_title":"Om oss - Framtidens karri\u00e4r gymnasiel\u00e4rare","og_description":"Framtidens Karri\u00e4r \u2013 Gymnasiel\u00e4rare belyser framtidsfr\u00e5gorna f\u00f6r l\u00e4raryrket och skolan samt utvecklingsm\u00f6jligheter f\u00f6r l\u00e4rare. V\u00e5r...","og_url":"https:\/\/lararkarriar.se\/gymnasieskola\/om-oss\/","og_site_name":"Framtidens karri\u00e4r gymnasiel\u00e4rare","twitter_card":"summary_large_image","twitter_misc":{"Ber\u00e4knad l\u00e4stid":"1 minut"},"schema":{"@context":"https:\/\/schema.org","@graph":[{"@type":"WebPage","@id":"https:\/\/lararkarriar.se\/gymnasieskola\/om-oss\/","url":"https:\/\/lararkarriar.se\/gymnasieskola\/om-oss\/","name":"Om oss - Framtidens karri\u00e4r gymnasiel\u00e4rare","isPartOf":{"@id":"https:\/\/lararkarriar.se\/gymnasieskola\/#website"},"datePublished":"2012-04-16T11:14:27+00:00","breadcrumb":{"@id":"https:\/\/lararkarriar.se\/gymnasieskola\/om-oss\/#breadcrumb"},"inLanguage":"sv-SE","potentialAction":[{"@type":"ReadAction","target":["https:\/\/lararkarriar.se\/gymnasieskola\/om-oss\/"]}]},{"@type":"BreadcrumbList","@id":"https:\/\/lararkarriar.se\/gymnasieskola\/om-oss\/#breadcrumb","itemListElement":[{"@type":"ListItem","position":1,"name":"Home","item":"https:\/\/lararkarriar.se\/gymnasieskola\/"},{"@type":"ListItem","position":2,"name":"Om oss"}]},{"@type":"WebSite","@id":"https:\/\/lararkarriar.se\/gymnasieskola\/#website","url":"https:\/\/lararkarriar.se\/gymnasieskola\/","name":"Framtidens karri\u00e4r gymnasiel\u00e4rare","description":"Just another NMDashboard.se Sites site","potentialAction":[{"@type":"SearchAction","target":{"@type":"EntryPoint","urlTemplate":"https:\/\/lararkarriar.se\/gymnasieskola\/?s={search_term_string}"},"query-input":{"@type":"PropertyValueSpecification","valueRequired":true,"valueName":"search_term_string"}}],"inLanguage":"sv-SE"}]}},"_links":{"self":[{"href":"https:\/\/lararkarriar.se\/gymnasieskola\/wp-json\/wp\/v2\/pages\/117","targetHints":{"allow":["GET"]}}],"collection":[{"href":"https:\/\/lararkarriar.se\/gymnasieskola\/wp-json\/wp\/v2\/pages"}],"about":[{"href":"https:\/\/lararkarriar.se\/gymnasieskola\/wp-json\/wp\/v2\/types\/page"}],"author":[{"embeddable":true,"href":"https:\/\/lararkarriar.se\/gymnasieskola\/wp-json\/wp\/v2\/users\/3"}],"replies":[{"embeddable":true,"href":"https:\/\/lararkarriar.se\/gymnasieskola\/wp-json\/wp\/v2\/comments?post=117"}],"version-history":[{"count":0,"href":"https:\/\/lararkarriar.se\/gymnasieskola\/wp-json\/wp\/v2\/pages\/117\/revisions"}],"wp:attachment":[{"href":"https:\/\/lararkarriar.se\/gymnasieskola\/wp-json\/wp\/v2\/media?parent=117"}],"curies":[{"name":"wp","href":"https:\/\/api.w.org\/{rel}","templated":true}]}}